osite?
True
Is 211223362353 prime?
False
Is 1077986803 prime?
True
Is 1112189191 a prime number?
True
Is 4042362161 composite?
False
Is 252082067 composite?
True
Is 10066710481 a prime number?
True
Is 1872144863 prime?
True
Is 739606121 prime?
True
Is 61365477821 a composite number?
False
Is 176721449 prime?
True
Is 3265672373 composite?
True
Is 2624257031 a composite number?
True
Is 209118077 prime?
False
Is 1420136171 prime?
False
Is 1082656363 a prime number?
True
Is 6237014849 prime?
False
Is 1281370715 composite?
True
Is 1115246123 a composite number?
True
Is 110253589 prime?
True
Is 72660701 prime?
False
Is 810341797 prime?
True
Is 1524292129 prime?
False
Is 4940317801 prime?
True
Is 1019002727 a prime number?
False
Is 18369017437 prime?
True
Is 15227481677 prime?
False
Is 14870461161 prime?
False
Is 434942887 composite?
True
Is 1810302085 composite?
True
Is 27131047 prime?
False
Is 412576410919 a prime number?
True
Is 276728269 composite?
True
Is 275263091 composite?
True
Is 28189512907 prime?
True
Is 1135095109 a prime number?
True
Is 6906656527 a composite number?
False
Is 4299110743 a prime number?
True
Is 3077788691 composite?
False
Is 3057133379 prime?
False
Is 2112151 a composite number?
False
Is 1518781094 composite?
True
Is 21931881859 composite?
True
Is 2645389223 prime?
True
Is 424412597029 a prime number?
False
Is 124501865291 prime?
True
Is 36199186813 prime?
True
Is 21953606341 composite?
False
Is 295727581 a composite number?
True
Is 12612225713 a composite number?
False
Is 6650004517 prime?
False
Is 8599400761 a prime number?
False
Is 2255597059 prime?
False
Is 3932214739 prime?
True
Is 16286269099 a prime number?
True
Is 4415927449 a composite number?
True
Is 7435073 prime?
False
Is 35482235519 a prime number?
True
Is 5034274793 prime?
False
Is 1259876119 a prime number?
True
Is 288186235 a prime number?
False
Is 5352936817 a composite number?
True
Is 9761928731 a prime number?
False
Is 17395544999 a composite number?
True
Is 38245369 a composite number?
False
Is 535845293 a prime number?
False
Is 742781603 a prime number?
True
Is 6429777359 a composite number?
False
Is 1001929949 prime?
False
Is 254952781 prime?
False
Is 28656378691 composite?
True
Is 448396657 composite?
True
Is 830039101 prime?
False
Is 160648321 composite?
False
Is 998111137 a prime number?
False
Is 59424107 a prime number?
True
Is 993188461 a composite number?
True
Is 13044076153 a prime number?
True
Is 1994349607 composite?
False
Is 860983337 a composite number?
False
Is 35559281 composite?
True
Is 39129342883 a prime number?
False
Is 14216275763 composite?
True
Is 1471276679 a prime number?
False
Is 2070222359 composite?
False
Is 17867540807 composite?
False
Is 2448951191 composite?
True
Is 32740012138 a prime number?
False
Is 60449827289 a composite number?
False
Is 639716901 a composite number?
True
Is 312416851 a prime number?
True
Is 135163162691 composite?
True
Is 814950511 prime?
True
Is 1881243211 a prime number?
True
Is 8151171439 a composite number?
False
Is 5265305893 prime?
False
Is 55234318453 a composite number?
False
Is 65790706717 prime?
False
Is 1418301386 a composite number?
True
Is 5090225953 prime?
True
Is 1474417577 composite?
False
Is 277371398429 composite?
True
Is 795376657 a composite number?
False
Is 36748247537 composite?
False
Is 28388455729 a prime number?
False
Is 3264116353 composite?
True
Is 29997061249 composite?
True
Is 132458943757 composite?
True
Is 8620251967 a prime number?
True
Is 4827750573 a composite number?
True
Is 167691943 a prime number?
False
Is 1291980257 a prime number?
True
Is 589128203 a composite number?
False
Is 8228284097 composite?
True
Is 39153689 a composite number?
False
Is 11228030963 composite?
False
Is 39244439603 composite?
True
Is 1093736923 a composite number?
False
Is 58783971 composite?
True
Is 684628127 prime?
False
Is 17343690121 a prime number?
True
Is 2851559671 a composite number?
False
Is 7878774671 composite?
True
Is 43380879247 a composite number?
True
Is 4120757083 a composite number?
False
Is 9995999187 prime?
False
Is 6595769 a prime number?
False
Is 1737136441 a composite number?
False
Is 145968859 composite?
False
Is 54696910727 prime?
False
Is 4558700611 a composite number?
False
Is 17426252521 a composite number?
False
Is 19623653237 a prime number?
True
Is 346705208383 composite?
False
Is 36632767007 prime?
False
Is 296483542 a composite number?
True
Is 1060231611 composite?
True
Is 3826597669 prime?
True
Is 59837783 a prime number?
False
Is 55022711143 a prime number?
False
Is 32185889 a prime number?
True
Is 653278519 prime?
False
Is 612578747 prime?
False
Is 32333838079 prime?
True
Is 32486334445 composite?
True
Is 1186648973 prime?
True
Is 2335200509 prime?
True
Is 639318929 prime?
True
Is 1409658557 prime?
True
Is 110102410321 composite?
True
Is 2213046529 a composite number?
False
Is 2205274627 a prime number?
True
Is 167834861 a prime number?
False
Is 49873430749 a prime number?
True
Is 89825399797 composite?
True
Is 6700127741 a composite number?
False
Is 157640739713 composite?
True
Is 538939919 a prime number?
False
Is 3017669783 composite?
False
Is 667758851 a prime number?
True
Is 246454883 prime?
True
Is 1861579787 a prime number?
True
Is 1165090133 a composite number?
True
Is 147256062917 a composite number?
True
Is 1978589201 a composite number?
True
Is 11147128019 a prime number?
False
Is 139835227 prime?
False
Is 12361044379 composite?
False
Is 36615374969 a composite number?
True
Is 3781244981 prime?
True
Is 8357259151 a composite number?
False
Is 11779414939 a composite number?
False
Is 724249117 a prime number?
True
Is 25311329 prime?
True
Is 32021539153 prime?
True
Is 40054099 composite?
False
Is 717728159 a prime number?
True
Is 1501520387 a composite number?
False
Is 4242832091 a prime number?
True
Is 170774249 composite?
False
Is 371417768797 composite?
False
Is 984740041 prime?
True
Is 985777253 composite?
True
Is 5021491313 prime?
True
Is 13492237739 a composite number?
False
Is 20770806801 a prime number?
False
Is 35678562581 a prime number?
False
Is 38570267 prime?
True
Is 871506941 a prime number?
True
Is 2137257841 composite?
True
Is 67805066971 a prime number?
False
Is 12286345007 a prime number?
False
Is 49459501859 composite?
False
Is 754130519 a prime number?
True
Is 45221107 composite?
True
Is 935833447 prime?
False
Is 13033403 prime?
False
Is 17221679 a composite number?
True
Is 20429371561 a composite number?
False
Is 520523501 composite?
True
Is 168503917 a prime number?
True
Is 610097093 prime?
False
Is 187042079551 prime?
False
Is 1655983397 a prime number?
True
Is 4378885271 prime?
True
Is 6252140423 a composite number?
True
Is 378931993 a composite number?
True
Is 2427637567 composite?
False
Is 252323254262 prime?
False
Is 945933929 composite?
False
Is 69886543339 a composite number?
False
Is 4218169009 prime?
True
Is 48504877627 composite?
False
Is 1083024847 composite?
False
Is 13125385943 composite?
True
Is 4581652631 a prime number?
True
Is 2110967477 a composite number?
False
Is 328730741 a composite number?
False
Is 42464519597 composite?
True
Is 13769657101 composite?
False
Is 1238972921 prime?
True
Is 35512445 composite?
True
Is 1325918353 a prime number?
False
Is 2010456989 a composite number?
False
Is 178210721 composite?
True
Is 2761108957 a composite number?
True
Is 1008845449 prime?
False
Is 2299154041 prime?
True
Is 6730746959 prime?
False
Is 171946717 a composite number?
True
Is 1395609431 a prime number?
False
Is 129521136889 a composite number?
False
Is 410414729 a composite number?
True
Is 829593929 composite?
True
Is 8179636271 prime?
False
Is 23525917 composite?
False
Is 2325845923 a composite number?
False
Is 369466403 a composite number?
False
Is 5646354419 composite?
False
Is 65403119 prime?
True
Is 42754354966 a prime number?
False
Is 61075171027 composite?
True
Is 3620127773 composite?
False
Is 11380014809 a prime number?
True
Is 54740037551 a composite number?
False
Is 2489380541 composite?
False
Is 12636698 prime?
False
Is 2642027467 a composite number?
True
Is 7049386907 a composite number?
False
Is 2391551557 composite?
False
Is 2419033801 a composite number?
False
Is 20896942067 a composite n